{"id":44,"date":"2014-06-24T17:23:21","date_gmt":"2014-06-24T17:23:21","guid":{"rendered":"http:\/\/saudeleal.com\/site\/?page_id=44"},"modified":"2020-04-15T16:38:51","modified_gmt":"2020-04-15T16:38:51","slug":"especialidades","status":"publish","type":"page","link":"https:\/\/saudeleal.com\/site\/?page_id=44","title":{"rendered":"Especialidades"},"content":{"rendered":"<p style=\"text-align: justify;\"><span class=\"componentsLabelValue\"><div  class='column dt-sc-one-half  first'><\/span><strong><span class=\"componentsLabelValue\"><div class='dt-sc-titled-box '><h6 class='dt-sc-titled-box-title'  style=\"color:#FFFFFF;\">  Medicina Dent\u00e1ria<\/h6><div class='dt-sc-titled-box-content'>A Medicina Dent\u00e1ria \u00e9 a principal especialidade na Cl\u00ednica Sa\u00fade Leal.<\/div><\/div> <\/span><\/strong><\/p>\n<p style=\"text-align: justify;\">\u00c9 assegurada diariamente pela m\u00e3o do Dr. Lu\u00eds Leal, m\u00e9dico dentista e director cl\u00ednico, que aposta com seguran\u00e7a e num esfor\u00e7o evolutivo constante nas diversas \u00e1reas da sa\u00fade oral, particularmente na \u00e1rea da implantologia e reabilita\u00e7\u00e3o oral.<span class=\"componentsLabelValue\"><\/div><div  class='column dt-sc-one-half  '><img loading=\"lazy\" decoding=\"async\" class=\"alignnone size-medium wp-image-174\" src=\"http:\/\/saudeleal.com\/site\/wp-content\/uploads\/2014\/06\/dent-300x226.png\" alt=\"dent\" width=\"300\" height=\"226\" srcset=\"https:\/\/saudeleal.com\/site\/wp-content\/uploads\/2014\/06\/dent-300x226.png 300w, https:\/\/saudeleal.com\/site\/wp-content\/uploads\/2014\/06\/dent.png 310w\" sizes=\"auto, (max-width: 300px) 100vw, 300px\" \/><\/span><\/p>\n<p><span class=\"componentsLabelValue\"><\/div><\/span><\/p>\n","protected":false},"excerpt":{"rendered":"","protected":false},"author":1,"featured_media":0,"parent":0,"menu_order":2,"comment_status":"closed","ping_status":"closed","template":"templates\/page-full-width.php","meta":{"om_disable_all_campaigns":false,"_monsterinsights_skip_tracking":false,"_monsterinsights_sitenote_active":false,"_monsterinsights_sitenote_note":"","_monsterinsights_sitenote_category":0,"_uf_show_specific_survey":0,"_uf_disable_surveys":false,"footnotes":""},"class_list":["post-44","page","type-page","status-publish","hentry"],"aioseo_notices":[],"post_mailing_queue_ids":[],"_links":{"self":[{"href":"https:\/\/saudeleal.com\/site\/index.php?rest_route=\/wp\/v2\/pages\/44","targetHints":{"allow":["GET"]}}],"collection":[{"href":"https:\/\/saudeleal.com\/site\/index.php?rest_route=\/wp\/v2\/pages"}],"about":[{"href":"https:\/\/saudeleal.com\/site\/index.php?rest_route=\/wp\/v2\/types\/page"}],"author":[{"embeddable":true,"href":"https:\/\/saudeleal.com\/site\/index.php?rest_route=\/wp\/v2\/users\/1"}],"replies":[{"embeddable":true,"href":"https:\/\/saudeleal.com\/site\/index.php?rest_route=%2Fwp%2Fv2%2Fcomments&post=44"}],"version-history":[{"count":9,"href":"https:\/\/saudeleal.com\/site\/index.php?rest_route=\/wp\/v2\/pages\/44\/revisions"}],"predecessor-version":[{"id":1007,"href":"https:\/\/saudeleal.com\/site\/index.php?rest_route=\/wp\/v2\/pages\/44\/revisions\/1007"}],"wp:attachment":[{"href":"https:\/\/saudeleal.com\/site\/index.php?rest_route=%2Fwp%2Fv2%2Fmedia&parent=44"}],"curies":[{"name":"wp","href":"https:\/\/api.w.org\/{rel}","templated":true}]}}