{"id":28,"date":"2014-06-18T10:20:21","date_gmt":"2014-06-18T10:20:21","guid":{"rendered":"http:\/\/saudeleal.com\/site\/?page_id=28"},"modified":"2024-02-11T12:43:09","modified_gmt":"2024-02-11T12:43:09","slug":"contactos","status":"publish","type":"page","link":"https:\/\/saudeleal.com\/site\/?page_id=28","title":{"rendered":"Contactos"},"content":{"rendered":"\n\n<div  class='column dt-sc-one-half  first'><p><a href=\"http:\/\/saudeleal.com\/site\/wp-content\/uploads\/2014\/06\/foto1p1.jpg\"><img loading=\"lazy\" decoding=\"async\" class=\"alignnone size-medium wp-image-38\" src=\"http:\/\/saudeleal.com\/site\/wp-content\/uploads\/2014\/06\/foto1p1-300x132.jpg\" alt=\"foto1p\" width=\"300\" height=\"132\" srcset=\"https:\/\/saudeleal.com\/site\/wp-content\/uploads\/2014\/06\/foto1p1-300x132.jpg 300w, https:\/\/saudeleal.com\/site\/wp-content\/uploads\/2014\/06\/foto1p1.jpg 500w\" sizes=\"auto, (max-width: 300px) 100vw, 300px\" \/><\/a><\/p>\n<p><strong>Sa\u00fade Leal &#8211; Cl\u00ednica M\u00e9dica e Dent\u00e1ria<\/strong><\/p>\n<p><strong>Rua Prof Francisco Corujo, n\u00ba 136 &#8211; A<\/strong><\/p>\n<p><strong>3830 &#8211; 524 Gafanha da Encarna\u00e7\u00e3o<\/strong><\/p>\n<p><strong>info@saudeleal.com<\/strong><\/p>\n<p><strong>Tlf.: 234 361 442<\/strong><\/p>\n<p><strong>Tlm.: 914 105 000<\/strong><\/div>\n\n\n\n<div  class='column dt-sc-one-half  '><\/div>\n","protected":false},"excerpt":{"rendered":"","protected":false},"author":1,"featured_media":0,"parent":0,"menu_order":6,"comment_status":"closed","ping_status":"closed","template":"","meta":{"om_disable_all_campaigns":false,"_monsterinsights_skip_tracking":false,"_monsterinsights_sitenote_active":false,"_monsterinsights_sitenote_note":"","_monsterinsights_sitenote_category":0,"_uf_show_specific_survey":0,"_uf_disable_surveys":false,"footnotes":""},"class_list":["post-28","page","type-page","status-publish","hentry"],"aioseo_notices":[],"post_mailing_queue_ids":[],"_links":{"self":[{"href":"https:\/\/saudeleal.com\/site\/index.php?rest_route=\/wp\/v2\/pages\/28","targetHints":{"allow":["GET"]}}],"collection":[{"href":"https:\/\/saudeleal.com\/site\/index.php?rest_route=\/wp\/v2\/pages"}],"about":[{"href":"https:\/\/saudeleal.com\/site\/index.php?rest_route=\/wp\/v2\/types\/page"}],"author":[{"embeddable":true,"href":"https:\/\/saudeleal.com\/site\/index.php?rest_route=\/wp\/v2\/users\/1"}],"replies":[{"embeddable":true,"href":"https:\/\/saudeleal.com\/site\/index.php?rest_route=%2Fwp%2Fv2%2Fcomments&post=28"}],"version-history":[{"count":19,"href":"https:\/\/saudeleal.com\/site\/index.php?rest_route=\/wp\/v2\/pages\/28\/revisions"}],"predecessor-version":[{"id":1055,"href":"https:\/\/saudeleal.com\/site\/index.php?rest_route=\/wp\/v2\/pages\/28\/revisions\/1055"}],"wp:attachment":[{"href":"https:\/\/saudeleal.com\/site\/index.php?rest_route=%2Fwp%2Fv2%2Fmedia&parent=28"}],"curies":[{"name":"wp","href":"https:\/\/api.w.org\/{rel}","templated":true}]}}