{"id":12,"date":"2014-06-11T22:18:10","date_gmt":"2014-06-11T22:18:10","guid":{"rendered":"http:\/\/saudeleal.com\/site\/?page_id=12"},"modified":"2024-02-11T19:04:19","modified_gmt":"2024-02-11T19:04:19","slug":"home","status":"publish","type":"page","link":"https:\/\/saudeleal.com\/site\/","title":{"rendered":"Home"},"content":{"rendered":"<div class='dt-sc-titled-box '><h6 class='dt-sc-titled-box-title'  style=\"background-color:#A2D4A2;border-color:#A2D4A2;\">  Sa\u00fade Leal<\/h6><div class='dt-sc-titled-box-content'>Sa\u00fade Leal \u00e9 uma Cl\u00ednica M\u00e9dica e Dent\u00e1ria inaugurada em Abril de 2011, implantada na Vila da Gafanha da Encarna\u00e7\u00e3o, em pleno cora\u00e7\u00e3o do concelho de \u00cdlhavo, a dois passos do final da A25.\nEspecializada na Medicina Dent\u00e1ria, desde o seu in\u00edcio que a Cl\u00ednica Sa\u00fade Leal tem apostado na inova\u00e7\u00e3o e na vanguarda, de uma forma ecl\u00e9ctica, e alicer\u00e7ada nos mais modernos conhecimentos cient\u00edficos.<\/div><\/div>\n","protected":false},"excerpt":{"rendered":"","protected":false},"author":1,"featured_media":0,"parent":0,"menu_order":1,"comment_status":"closed","ping_status":"closed","template":"","meta":{"om_disable_all_campaigns":false,"_monsterinsights_skip_tracking":false,"_monsterinsights_sitenote_active":false,"_monsterinsights_sitenote_note":"","_monsterinsights_sitenote_category":0,"_uf_show_specific_survey":0,"_uf_disable_surveys":false,"footnotes":""},"class_list":["post-12","page","type-page","status-publish","hentry"],"aioseo_notices":[],"post_mailing_queue_ids":[],"_links":{"self":[{"href":"https:\/\/saudeleal.com\/site\/index.php?rest_route=\/wp\/v2\/pages\/12","targetHints":{"allow":["GET"]}}],"collection":[{"href":"https:\/\/saudeleal.com\/site\/index.php?rest_route=\/wp\/v2\/pages"}],"about":[{"href":"https:\/\/saudeleal.com\/site\/index.php?rest_route=\/wp\/v2\/types\/page"}],"author":[{"embeddable":true,"href":"https:\/\/saudeleal.com\/site\/index.php?rest_route=\/wp\/v2\/users\/1"}],"replies":[{"embeddable":true,"href":"https:\/\/saudeleal.com\/site\/index.php?rest_route=%2Fwp%2Fv2%2Fcomments&post=12"}],"version-history":[{"count":11,"href":"https:\/\/saudeleal.com\/site\/index.php?rest_route=\/wp\/v2\/pages\/12\/revisions"}],"predecessor-version":[{"id":1030,"href":"https:\/\/saudeleal.com\/site\/index.php?rest_route=\/wp\/v2\/pages\/12\/revisions\/1030"}],"wp:attachment":[{"href":"https:\/\/saudeleal.com\/site\/index.php?rest_route=%2Fwp%2Fv2%2Fmedia&parent=12"}],"curies":[{"name":"wp","href":"https:\/\/api.w.org\/{rel}","templated":true}]}}